, 71
Let v(y) = -26*y + 320. List the prime factors of v(-14).
2, 3, 19
Suppose 8*j + 15*j = 13800. List the prime factors of j.
2, 3, 5
Let o = -2859 + 4738. List the prime factors of o.
1879
What are the prime factors of (8/(-10))/((-105)/58275)?
2, 3, 37
Suppose -2*r = -w + 610, 7*w + 4*r - 3078 = 2*w. Suppose w = -11*j + 3804. List the prime factors of j.
2, 5, 29
Suppose s + s + 3*u = 89, 109 = 2*s - u. Suppose 300 = 4*l + s. What are the prime factors of l?
2, 31
Let u be (949 + -25)*(-1)/(-2). Let k = u + -271. What are the prime factors of k?
191
What are the prime factors of 26/(7/((-6265)/(-10)))?
13, 179
Let y(m) = m**3 + 5. Let w be y(0). Let z(q) = 8*q - 10. What are the prime factors of z(w)?
2, 3, 5
Suppose 0 = 9*h - 247 - 4028. What are the prime factors of h?
5, 19
What are the prime factors of (10 + -5 - -3481)*(-3)/(-9)?
2, 7, 83
Let d(t) = -13*t - 6. Let o be d(2). List the prime factors of -9*(-3)/9 - o.
5, 7
Let i = 2362 - 1393. List the prime factors of i.
3, 17, 19
Let r(v) = 146*v. What are the prime factors of r(1)?
2, 73
Let m(x) = -18*x + 8. Let i(l) = l - 1. Let u(c) = -6*i(c) - m(c). Let o be 0 - (-1 + 0)/(12/60). What are the prime factors of u(o)?
2, 29
Suppose 0 = 6*a - 10*a. Let x be a/((1 - -2) + -1). Suppose x = -9*q + 3*q + 414. List the prime factors of q.
3, 23
Let c be 2/(6/8 - 225/288). Let p = 282 + c. List the prime factors of p.
2, 109
Let i(m) = m - 1. Let v be i(5). Let c(l) = -1 + 14*l**3 + v*l - 3*l + l. What are the prime factors of c(1)?
3, 5
Suppose o - 1528 = -4*u - 3*o, 4*u - o = 1513. List the prime factors of u.
379
Let p = 8556 - 6060. List the prime factors of p.
2, 3, 13
Let d be (-3)/(-1) + -6 + 8. Suppose 4*y - 1 + d = 0. What are the prime factors of (y - -14) + 0 + 3?
2
Let q = -1026 + 2131. List the prime factors of q.
5, 13, 17
Let b(t) = 2*t - 6. Let g be b(7). Let q be (-2)/8 - (-50)/g. List the prime factors of 3/q - 43/(-2).
2, 11
Let l(r) = 28*r**3 + r**2. Suppose 15 = 5*z - h + 5, 2*z - 2*h = 12. List the prime factors of l(z).
29
Let t(l) = l**2 - 13*l + 2. Let m be t(17). Suppose 0 = -y + m - 2. List the prime factors of y.
2, 17
Let v(x) = 1. Let k(o) = -11*o + 1. Let f(h) = k(h) - 4*v(h). List the prime factors of f(-1).
2
Let q(n) = -n**3 + 8*n**2 + 11*n - 12. Let i be q(9). List the prime factors of 21*i/(-2)*-1*1.
3, 7
Let l(m) = m**3 + 22*m**2 + 7*m + 31. Let f be l(-22). Let a = 131 + f. List the prime factors of a.
2
Let k(q) = 5*q - 7. Let c be k(2). Suppose -383 = -5*w + 2*v, -w = -5*w - c*v + 311. List the prime factors of w.
7, 11
List the prime factors of (-120)/(2*(-2 + (-1288)/(-648))).
2, 3, 5
Let r(x) = -3*x**3 + 10*x**2 - 2*x - 20. What are the prime factors of r(-7)?
17, 89
Let r(f) = f**3 - 5*f**2 + 5*f + 1. Let w = -15 - -13. Let k be (-1 + -1)/(w/4). What are the prime factors of r(k)?
5
Let p(m) = -m**2 + 8*m - 3. Let n be p(7). Suppose n*z - 3*f + 1 = 0, z + 7 + 7 = -2*f. Let o = 6 + z. What are the prime factors of o?
2
Let k(i) = 15*i + 3. Let l be k(2). Suppose 29 = p - l. Suppose -a = 3*r - 83, -3*r + r + a = -p. What are the prime factors of r?
29
Let s(p) = 5*p**2 - 14*p + 60. List the prime factors of s(-13).
1087
What are the prime factors of 39/9 - (-1)/(-3) - -3?
7
Suppose -5*j - 4*l = -1260, 1008 = 4*j - 0*j + 5*l. What are the prime factors of j?
2, 3, 7
Suppose -3*m = -8*m + 80. Let g = -8 + m. List the prime factors of 130/6 - g/(-24).
2, 11
What are the prime factors of 156/(279/(-57) - (3 + -8))?
2, 3, 13, 19
List the prime factors of 192/168 + (-76268)/(-28).
5, 109
Suppose -3*u + 137 = 5*a, -2*a + 3*u - 4*u = -55. Suppose 5*n = f - 45, -3*n - a - 41 = -2*f. List the prime factors of f.
2, 3, 5
Let v(q) = -46*q - 40*q + 48 + 84*q. List the prime factors of v(-14).
2, 19
Let u(g) = -4*g - 14. Let w be -3*4/72 + 166/(-12). What are the prime factors of u(w)?
2, 3, 7
Suppose 7*h - 2*h - 4*j + 10 = 0, 3*h + 5*j + 43 = 0. Let d = h + 20. What are the prime factors of ((-4)/5)/(d/(-175))?
2, 5
Let s(l) = 60*l**2. Let u be s(-1). Suppose 0 = 4*v + 2*v - u. List the prime factors of (-6)/15 + 64/v.
2, 3
Let g = 945 - 503. What are the prime factors of g?
2, 13, 17
Let k = 18 - 11. Suppose 5*y + 103 = -k. Let p = -8 - y. What are the prime factors of p?
2, 7
Let j(s) = s**3 + 11*s - 6. List the prime factors of j(12).
2, 3, 103
Let g(n) be the third derivative of n**5/30 + 17*n**4/24 + 25*n**3/6 - 9*n**2. List the prime factors of g(-10).
5, 11
Let f = 285 + 47. List the prime factors of f.
2, 83
Let o = -8 + 8. Suppose 5*r + 0*r - 110 = o. Let d = r - 12. What are the prime factors of d?
2, 5
Suppose -3*c + 0*h + 3749 = 4*h, 2*h - 4 = 0. What are the prime factors of c?
29, 43
Suppose -229*z = -241*z + 4968. What are the prime factors of z?
2, 3, 23
Let r(v) = -v**3 - 14*v**2 - v - 12. Let x be r(-14). What are the prime factors of 0 + x - (-136 - (0 - 2))?
2, 17
Suppose 17*r + 68267 = 36*r. List the prime factors of r.
3593
Suppose -2*f - 13*n + 1768 = -9*n, 2658 = 3*f + 3*n. List the prime factors of f.
2, 3, 37
Let t = 19 + 85. Let f = -55 + t. What are the prime factors of f?
7
Suppose 88 = -5*p - 4*f - 54, 12 = -4*f. Let g = 47 + 7. Let d = p + g. List the prime factors of d.
2, 7
Let m = -32 + 10. Let u = m + 27. What are the prime factors of u?
5
Suppose 5*j - x + 3*x - 746 = 0, -3*j + 438 = -2*x. List the prime factors of j.
2, 37
Suppose 0 = z - 5 - 11. Suppose 10*y + 18 = 12*y. Suppose -z = -2*j - m - m, -y = -j - 2*m. List the prime factors of j.
7
Let m be 1/(-1) + 42/14. Suppose 0 = 3*u - m*u - 36. List the prime factors of u.
2, 3
Suppose -10 = -3*n - 4. Suppose 2*x + 6 = s, -3*s + 2*x = 3*x - 4. Suppose s = -v, -4*v + n*v = 3*r - 41. List the prime factors of r.
3, 5
Let t(x) = -x**2 - 10*x - 9. Let b be t(-9). Suppose -4*l = -b*l - 284. List the prime factors of l.
71
Let q = -68 - -55. Let w be (-816)/(-27) - (-6)/(-27). Let s = w + q. List the prime factors of s.
17
Let z be (6/4)/(5/8 - 1). What are the prime factors of z - ((-24)/16)/((-3)/(-52))?
2, 11
Let b(o) = 4*o**2 - 2*o - 3. Suppose m = 2 + 2. What are the prime factors of b(m)?
53
Let t(u) = -u**2 + 10*u + 15. Let n be t(7). Let x = n - -2. List the prime factors of x.
2, 19
Let p be (3/(-2))/(3/6). Let s = p + 5. List the prime factors of (11 + -7)*17/s.
2, 17
Let f(s) = 47*s + 50. What are the prime factors of f(11)?
3, 7
Let t be (1 - 3)*1*147/14. Let n(p) = -p**2 + p - 1. Let x be n(5). List the prime factors of (-6)/x - 498/t.
2, 3
Let m be 16/(-12)*(-6)/4. Suppose -5*c - m = -27. Suppose -5*z = -2*v + 28 + 8, -4*v - c*z = -72. What are the prime factors of v?
2, 3
Let c = -4851 - -8473. What are the prime factors of c?
2, 1811
Suppose -5372 = -19*h - 1553. List the prime factors of h.
3, 67
Let z = -6020 + 10123. List the prime factors of z.
11, 373
Suppose -4*q = 5*m + 245, -2*q = -4*m + 2*m - 80. Suppose 0 = -0*i + 2*i + 40. Let b = i - m. What are the prime factors of b?
5
Let l be (6/4)/((-2)/(-4)). Let h(w) = -1. Let q(k) = -2*k**2 + 5*k - 7. Let c(x) = 5*h(x) - q(x). List the prime factors of c(l).
5
Suppose -12 = 5*v + 4*t, v - 5*t = -11 + 26. Suppose v*p = 4*p. Suppose -3*j + 180 + 33 = p. List the prime factors of j.
71
Suppose -5*d + 2781 = 2*y, -3*y + 1790 + 439 = 4*d. What are the prime factors of d?
3, 5, 37
Let h(b) = -b - 1. Let r(l) = l**3 + 8*l**2 - 4*l - 1. Let c(w) = -4*h(w) + r(w). List the prime factors of c(-6).
3, 5
Let t be (-1*46 - -1)*60/(-18). Let b = t + -29. List the prime factors of b.
11
Suppose -7*r + 9128 = 7*r. Suppose 2*t - r = -2*t. List the prime factors of t.
163
Let i be (-2)/(-9) - (-9)/(162/8348). What are the prime factors of 1 + 3 - i/(-4)?
2, 3, 5
Suppose 0 = 4*s + 2*o - 7*o + 28, 4*o = -s + 14. What are the prime factors of (38 - s/(-1))/1?
2, 3
Let x = 8 - 4. Suppose -10 + x = -2*s. Suppose m = -s*m + 148. What are the prime factors of m?
37
Let t(z) = 3*z**3 + 25*z**2 + 2*z - 7. Let a be t(-8). Let d = 23 + a. What are the prime factors of d?
2
Let h(w) = 3*w**2 - 5*w - 1. Let x be h(-4). Let g = x - 47. What are the prime factors of g?
2, 5
Let t = 59 - 39. Suppose -2*r = -6*r + t, -4*r + 140 = 4*s. What are the prime factors of s?
2, 3, 5
Let m(o) = 7*o**2 - 39*o - 43. Let n(z) = z**2 - 2*z - 1. Let f(x)